{"id":276,"date":"2014-02-26T11:54:17","date_gmt":"2014-02-26T11:54:17","guid":{"rendered":"http:\/\/docteurkrns.com\/?page_id=276"},"modified":"2018-07-12T17:08:09","modified_gmt":"2018-07-12T15:08:09","slug":"montage-dun-innofader-pro-sur-technics-sh-dj","status":"publish","type":"page","link":"https:\/\/docteurkrns.com\/index.php\/tables-de-mixage\/tables-de-mixage-technics\/montage-dun-innofader-pro-sur-technics-sh-dj\/","title":{"rendered":"Montage d&rsquo;un Innofader PRO 2 sur Technics SH-DJ 1200"},"content":{"rendered":"<p>Montage du meilleur crossfader existant sur cette mythique table de mixage: la Technics SH-DJ 1200<\/p>\n<p><strong>&#8211; Forfait installation Innofader PRO 2 + r\u00e9vision\/nettoyage: <span style=\"color:#ff0000;\">80\u20ac<\/span><\/strong><br \/>\n<strong> &#8211; Int\u00e9gration de l&rsquo; Innojuster dans la table de mixage : <span style=\"color:#ff0000;\">40\u20ac<\/span><\/strong><br \/>\n<strong> &#8211; Pose d&rsquo;un inverseur pour le crossfader : <span style=\"color:#ff0000;\">30\u20ac<\/span><\/strong><\/p>\n<p><span style=\"text-decoration:underline;\"><span style=\"color:#000000;text-decoration:underline;\">Dr KRNS vous recommande d&rsquo;acheter votre Innofader PRO 2 chez Innofader France.<\/span><\/span><br \/>\nRendez-vous sur la page Facebook \u00ab\u00a0Innofader france\u00a0\u00bb :<\/p>\n<p><a href=\"https:\/\/www.facebook.com\/innofader.france\">https:\/\/www.facebook.com\/innofader.france<\/a><\/p>\n<p>Cette table connue du monde entier gr\u00e2ce au partenariat Technics\/DMC, a fait ses preuves depuis plus d&rsquo;une d\u00e9cennie. Dot\u00e9e d&rsquo;une partie pr\u00e9-ampli tr\u00e8s soign\u00e9e et d&rsquo;une ergonomie faite pour le turntablism, son principale point faible est son crossfader d&rsquo;origine.<\/p>\n<p>C&rsquo;est pourquoi, apr\u00e8s plusieurs tentatives de modifications avec diff\u00e9rentes marques de crossfaders, je vous propose de monter celui qui convient le mieux, l&rsquo; INNOFADER PRO 2 ainsi qu&rsquo;un forfait r\u00e9vision\/nettoyage complet.<\/p>\n<p>La table de mixage est\u00a0enti\u00e8rement d\u00e9mont\u00e9e afin de la nettoyer enti\u00e8rement et ainsi proc\u00e9der \u00e0 la modification.<\/p>\n<p><a href=\"http:\/\/krns\/wp-content\/uploads\/2014\/02\/sans-titre-12.jpg\"><img loading=\"lazy\" class=\"alignnone wp-image-279\" src=\"http:\/\/krns\/wp-content\/uploads\/2014\/02\/sans-titre-12.jpg?w=300\" alt=\"Sans titre-1\" width=\"825\" height=\"471\" \/><\/a><\/p>\n<p>La modification est assez complexe, cependant elle vous permet de pouvoir changer le crossfader vous-m\u00eame si besoin.<\/p>\n<p><a href=\"http:\/\/krns\/wp-content\/uploads\/2014\/12\/sans-titre-23.jpg\"><img loading=\"lazy\" class=\"alignnone wp-image-346\" src=\"http:\/\/krns\/wp-content\/uploads\/2014\/12\/sans-titre-23.jpg?w=300\" alt=\"Sans titre-2\" width=\"811\" height=\"535\" \/><\/a><\/p>\n<p>L&rsquo;ajustement du positionnement du crossfader se fait au millim\u00e8tre pr\u00e8s&#8230;<\/p>\n<p><a href=\"http:\/\/krns\/wp-content\/uploads\/2014\/02\/1526556_719873631365367_1195416308_n.jpg\"><img loading=\"lazy\" class=\"alignnone wp-image-278\" src=\"http:\/\/krns\/wp-content\/uploads\/2014\/02\/1526556_719873631365367_1195416308_n.jpg?w=300\" alt=\"1526556_719873631365367_1195416308_n\" width=\"1021\" height=\"607\" \/><\/a><\/p>\n<p>Voici le r\u00e9sultat une fois la table de mixage remont\u00e9e.\u00a0\u00a0\u00a0\u00a0\u00a0\u00a0\u00a0\u00a0\u00a0\u00a0\u00a0\u00a0\u00a0\u00a0\u00a0\u00a0\u00a0\u00a0\u00a0\u00a0\u00a0\u00a0\u00a0\u00a0\u00a0\u00a0\u00a0\u00a0\u00a0\u00a0\u00a0\u00a0\u00a0\u00a0\u00a0\u00a0\u00a0\u00a0\u00a0\u00a0\u00a0\u00a0\u00a0\u00a0\u00a0\u00a0\u00a0\u00a0\u00a0\u00a0\u00a0\u00a0\u00a0 Une fois branch\u00e9e, la SH-DJ reprend vie avec un crossfader digne de ce nom. Le touch\u00e9 est absolument g\u00e9nial et les r\u00e9glages sont vraiment tr\u00e8s pr\u00e9cis, ajoutez \u00e0 cela\u00a0 le INNOJUSTER et vous obtiendrez une arme redoutable pour le turntablism !<\/p>\n<p><a href=\"http:\/\/krns\/wp-content\/uploads\/2014\/02\/1005664_719873481365382_2101639661_n.jpg\"><img loading=\"lazy\" class=\"alignnone wp-image-277\" src=\"http:\/\/krns\/wp-content\/uploads\/2014\/02\/1005664_719873481365382_2101639661_n.jpg?w=300\" alt=\"1005664_719873481365382_2101639661_n\" width=\"1057\" height=\"801\" \/><\/a><a href=\"http:\/\/krns\/wp-content\/uploads\/2014\/12\/pc220799.jpg\"><img loading=\"lazy\" class=\"alignnone wp-image-345\" src=\"http:\/\/krns\/wp-content\/uploads\/2014\/12\/pc220799.jpg?w=300\" alt=\"OLYMPUS DIGITAL CAMERA\" width=\"827\" height=\"626\" \/><\/a><\/p>\n<p>Tout les renseignements concernant la marque INNOFADER et ses produits sont sur leur site: <a href=\"http:\/\/www.innofader.com\/index.php\" target=\"_blank\">http:\/\/www.innofader.com\/index.php<\/a><\/p>\n<p><a href=\"http:\/\/www.innofader.com\/products.php?id=2\" target=\"_blank\">Renseignements Innofader PRO : ici<\/a><\/p>\n<p><a href=\"http:\/\/www.innofader.com\/products.php?id=3\" target=\"_blank\">Renseignements Innojuster : ici<\/a><\/p>\n<p>Pour plus de renseignements, n&rsquo;h\u00e9sitez pas \u00e0 me contacter par mail ou par t\u00e9l\u00e9phone:\u00a0 docteurkrns@gmail.com\u00a0\u00a0\u00a0\u00a0\u00a0\u00a0\u00a0\u00a0\u00a0\u00a0\u00a0\u00a0\u00a0\u00a0\u00a0\u00a0\u00a0\u00a0\u00a0\u00a0\u00a0 06 20 63 07 29<\/p>\n<p>&nbsp;<\/p>\n<p>&nbsp;<\/p>\n<p>&nbsp;<\/p>\n<p>&nbsp;<\/p>\n<p>&nbsp;<\/p>\n<p>&nbsp;<\/p>\n","protected":false},"excerpt":{"rendered":"<p>Montage du meilleur crossfader existant sur cette mythique table de mixage: la Technics SH-DJ 1200 &#8211; Forfait installation Innofader PRO 2 + r\u00e9vision\/nettoyage: 80\u20ac &#8211; Int\u00e9gration de l&rsquo; Innojuster dans la table de mixage : 40\u20ac &#8211; Pose d&rsquo;un inverseur &hellip; <a href=\"https:\/\/docteurkrns.com\/index.php\/tables-de-mixage\/tables-de-mixage-technics\/montage-dun-innofader-pro-sur-technics-sh-dj\/\">Continuer la lecture <span class=\"meta-nav\">&rarr;<\/span><\/a><\/p>\n","protected":false},"author":2,"featured_media":0,"parent":441,"menu_order":0,"comment_status":"closed","ping_status":"open","template":"","meta":{"spay_email":""},"jetpack_sharing_enabled":true,"jetpack_shortlink":"https:\/\/wp.me\/Pa1UeJ-4s","_links":{"self":[{"href":"https:\/\/docteurkrns.com\/index.php\/wp-json\/wp\/v2\/pages\/276"}],"collection":[{"href":"https:\/\/docteurkrns.com\/index.php\/wp-json\/wp\/v2\/pages"}],"about":[{"href":"https:\/\/docteurkrns.com\/index.php\/wp-json\/wp\/v2\/types\/page"}],"author":[{"embeddable":true,"href":"https:\/\/docteurkrns.com\/index.php\/wp-json\/wp\/v2\/users\/2"}],"replies":[{"embeddable":true,"href":"https:\/\/docteurkrns.com\/index.php\/wp-json\/wp\/v2\/comments?post=276"}],"version-history":[{"count":1,"href":"https:\/\/docteurkrns.com\/index.php\/wp-json\/wp\/v2\/pages\/276\/revisions"}],"predecessor-version":[{"id":1336,"href":"https:\/\/docteurkrns.com\/index.php\/wp-json\/wp\/v2\/pages\/276\/revisions\/1336"}],"up":[{"embeddable":true,"href":"https:\/\/docteurkrns.com\/index.php\/wp-json\/wp\/v2\/pages\/441"}],"wp:attachment":[{"href":"https:\/\/docteurkrns.com\/index.php\/wp-json\/wp\/v2\/media?parent=276"}],"curies":[{"name":"wp","href":"https:\/\/api.w.org\/{rel}","templated":true}]}}