{"id":680,"date":"2015-03-15T16:04:37","date_gmt":"2015-03-15T16:04:37","guid":{"rendered":"http:\/\/docteurkrns.com\/?page_id=680"},"modified":"2018-07-12T17:08:09","modified_gmt":"2018-07-12T15:08:09","slug":"vestax-pmc-06-pro","status":"publish","type":"page","link":"https:\/\/docteurkrns.com\/index.php\/tables-de-mixage\/tables-de-mixage-vestax\/vestax-pmc-06-pro\/","title":{"rendered":"Vestax PMC-06 pro"},"content":{"rendered":"<p>\u2192 Forfait nettoyage, entretien complet et r\u00e9glage de la course du crossfader: <span style=\"color:#ff0000;\">70\u20ac<\/span><\/p>\n<p>Optimis\u00e9e pour le scratch, les battles et surtout les \u00ab\u00a0pass-pass\u00a0\u00bb, la PMC-06 PRO de chez Vestax \u00e0 suivie les traces de sa grande soeur la PMC-05 PRO. Son ergonomie \u00e0 \u00e9t\u00e9 pens\u00e9e par des turntablists, pour des turntablists.<\/p>\n<p>Elle figure parmis les mixettes les plus pratique et solide de son \u00e9poque et fait encore partie des favorites pour les mini homes-studio !<\/p>\n<p>&nbsp;<\/p>\n<p>Possibilit\u00e9 de remplacement des faders et du crossfader par des INNOFADER\u2019s.<\/p>\n<p>Pour toutes r\u00e9parations sp\u00e9cifiques merci de me contacter :\u00a0\u00a0\u00a0\u00a0\u00a0\u00a0\u00a0\u00a0 docteurkrns@<span class=\"skimlinks-unlinked\">gmail.com<\/span>\u00a0\u00a0\u00a0\u00a0\u00a0\u00a0 06 20 63 07 29<\/p>\n","protected":false},"excerpt":{"rendered":"<p>\u2192 Forfait nettoyage, entretien complet et r\u00e9glage de la course du crossfader: 70\u20ac Optimis\u00e9e pour le scratch, les battles et surtout les \u00ab\u00a0pass-pass\u00a0\u00bb, la PMC-06 PRO de chez Vestax \u00e0 suivie les traces de sa grande soeur la PMC-05 PRO. &hellip; <a href=\"https:\/\/docteurkrns.com\/index.php\/tables-de-mixage\/tables-de-mixage-vestax\/vestax-pmc-06-pro\/\">Continuer la lecture <span class=\"meta-nav\">&rarr;<\/span><\/a><\/p>\n","protected":false},"author":2,"featured_media":0,"parent":485,"menu_order":0,"comment_status":"closed","ping_status":"open","template":"","meta":{"spay_email":""},"jetpack_sharing_enabled":true,"jetpack_shortlink":"https:\/\/wp.me\/Pa1UeJ-aY","_links":{"self":[{"href":"https:\/\/docteurkrns.com\/index.php\/wp-json\/wp\/v2\/pages\/680"}],"collection":[{"href":"https:\/\/docteurkrns.com\/index.php\/wp-json\/wp\/v2\/pages"}],"about":[{"href":"https:\/\/docteurkrns.com\/index.php\/wp-json\/wp\/v2\/types\/page"}],"author":[{"embeddable":true,"href":"https:\/\/docteurkrns.com\/index.php\/wp-json\/wp\/v2\/users\/2"}],"replies":[{"embeddable":true,"href":"https:\/\/docteurkrns.com\/index.php\/wp-json\/wp\/v2\/comments?post=680"}],"version-history":[{"count":1,"href":"https:\/\/docteurkrns.com\/index.php\/wp-json\/wp\/v2\/pages\/680\/revisions"}],"predecessor-version":[{"id":1341,"href":"https:\/\/docteurkrns.com\/index.php\/wp-json\/wp\/v2\/pages\/680\/revisions\/1341"}],"up":[{"embeddable":true,"href":"https:\/\/docteurkrns.com\/index.php\/wp-json\/wp\/v2\/pages\/485"}],"wp:attachment":[{"href":"https:\/\/docteurkrns.com\/index.php\/wp-json\/wp\/v2\/media?parent=680"}],"curies":[{"name":"wp","href":"https:\/\/api.w.org\/{rel}","templated":true}]}}